-2 - 0. Suppose 24 = 3*p - 3*t, -3*t - t + 8 = p. Suppose v - y*v = -p. What is the units digit of v?
8
Suppose 5*k - 164 + 4 = 0. What is the tens digit of k?
3
Suppose 5*x + 0*x - 90 = 5*s, -2*s - 34 = -4*x. Let t = -8 - s. What is the tens digit of t?
1
Suppose 0 = 3*z - 5*z - 6, l = 2*z - 27. Let g = 65 + l. What is the tens digit of g?
3
Let d = -12 + 18. Suppose -d*x + 2*x + 88 = 0. Suppose x + 8 = 5*c. What is the units digit of c?
6
Let d(q) = -2*q**2 + 5. Let i be d(4). Let h = i + 39. What is the units digit of h?
2
Let r = -1 - 3. Let u be (r/(-8))/((-1)/(-6)). Suppose 4*v + 45 = 5*t, -v - 13 = -u*t + 7. What is the units digit of t?
5
Suppose 0 = 5*g + 4*r - 466, 3*g + 4*r = 7*r + 258. What is the units digit of g?
0
Let k(q) = q**3 - 4*q**2 - 3*q + 1. Let n = -1 - 1. Let o be n/9 - 94/(-18). What is the tens digit of k(o)?
1
Suppose 6*x - 3*x - 4*a = -65, 0 = 4*x - 2*a + 80. Suppose 68 = 2*u - 3*f, 4*u + 3*f - 104 = f. Let b = x + u. What is the units digit of b?
9
Let l(v) = 4*v**2 + 2*v - 7. What is the tens digit of l(-9)?
9
Let d(z) = z**3 - 14*z**2 + 8*z - 3. What is the hundreds digit of d(14)?
1
Let u = -95 + 147. What is the units digit of u?
2
Suppose 0 = -m + 2*m + 84. Let l be 2/(-8) + m/(-16). Suppose l*u = 17 + 8. What is the units digit of u?
5
Let g(u) be the first derivative of -u**2 - u - 4. What is the units digit of g(-11)?
1
Let p(a) = -a + 3 - 3 + 9*a. What is the units digit of p(3)?
4
Suppose -s - 46 = -2*s + 2*f, 4*f + 200 = 5*s. Suppose 2*q = s - 6. What is the units digit of q?
5
What is the tens digit of -1*(-7)/(-2)*-8?
2
Let k = -56 - -28. Let c = -17 - k. What is the tens digit of c?
1
What is the hundreds digit of 2800/21 + (-8)/6?
1
Suppose 3*d - 14 = 97. Suppose 4*q + 2*l - d - 49 = 0, -4*l = -4*q + 116. What is the tens digit of q?
2
Let h = -66 - -132. What is the tens digit of h?
6
Suppose 5*c = 12 - 32. What is the tens digit of (125/10)/((-2)/c)?
2
Suppose -15 = 4*p - 0*p - 5*q, 6 = p + 2*q. What is the tens digit of (p + 0 + -22)/(-1)?
2
Suppose -2*k = -3*h - 81, 4*h - 5*k + 45 = -70. Let z be (-2)/(-10) + (-120)/h. What is the units digit of (-1)/(-5) - (-4)/z?
1
Let j(g) = 48*g + 2. Let t(u) = u + 1. Let a(m) = j(m) - t(m). What is the units digit of a(1)?
8
What is the units digit of 309 + 4 + -10 + 5?
8
Let g(i) = 2*i - 9. Let x be g(6). Suppose 48 = x*o - 33. What is the tens digit of o?
2
Suppose -3*z + 8 = t, 5*t + 0 - 2 = 4*z. What is the units digit of t?
2
Suppose 189 = 9*o - 2*o. What is the tens digit of o?
2
Let y(g) be the first derivative of -7*g**2/2 + 3. What is the units digit of y(-1)?
7
Let h(k) = -19*k - 1. What is the tens digit of h(-3)?
5
Let p(c) = 15*c + 15. What is the units digit of p(12)?
5
Let n(v) = v**2 - v. Let b(y) = -2*y**2 + 3*y - 1. Let s(r) = -6*b(r) - 13*n(r). Let t be s(-5). What is the units digit of 20/12 + (-4)/t?
1
Suppose -32 = -i - 4*f - 0*f, 2*i = 4*f + 100. What is the tens digit of i?
4
Suppose -3*f + c + 39 = 0, -4*f + 0*c = -3*c - 47. What is the units digit of f?
4
Suppose g = -5*c + 417, 2*c = -c + 5*g + 267. What is the tens digit of c?
8
Let l = 28 - 24. Let a(p) = -p**3 + p + 20. Let k be a(0). Suppose -50 = -5*v - 4*z, -l*v + k = 4*z - 24. What is the units digit of v?
6
Suppose 4*b = 5*b - 7. Suppose -40 = -b*h + 3*h. What is the tens digit of h?
1
Suppose -b - 5*q = -7 - 3, b + 2*q = 7. Suppose -10 = -b*w + 45. What is the units digit of w?
1
Let w = 77 + -132. What is the tens digit of (w/(-10))/(1/4)?
2
Let w be (1 - 1)*(-2 - -1). Let g = w + 2. What is the units digit of g?
2
What is the tens digit of (-358)/(-3) - 10/(-15)?
2
Suppose 5*n + r - 2*r - 3 = 0, 3*n + 12 = -4*r. Let b = n - -24. What is the tens digit of b?
2
Let v = 5 - -61. Suppose 3*r = 6*r - v. What is the units digit of r?
2
Let q be (-1 + -1)*(21 - -1). Let y = -30 - q. What is the tens digit of y?
1
Let s(m) = 24*m + 3. Let d be s(-3). What is the tens digit of (d*1)/(-3) - 1?
2
Suppose -3*z = 9, m - z + 1 = -2*z. Let v be m/6 + (-1)/3. Suppose 5*l = -15, -4*w - 3*l + 27 = -v*w. What is the units digit of w?
9
Suppose 0 = 2*p + 1 - 21. Let x = -20 + p. What is the units digit of 45/x*4/(-2)?
9
Suppose -5*j = -11 - 4. What is the units digit of j?
3
Let f(d) = d**3 + 20*d**2 - 47*d - 14. What is the units digit of f(-22)?
2
Let l(n) = n**3 - 13*n**2 + 12*n + 1. What is the units digit of l(12)?
1
What is the units digit of (28/(-6))/(4/(-36))?
2
Let p = -1 - -6. Suppose -2*o - 5 = 3*n, 3*n = 3*o + 7*n + p. What is the units digit of o?
5
Let m(j) be the third derivative of j**6/120 + j**5/12 + j**4/8 + j**3 - 3*j**2. Let v be m(-5). Let q = v + 14. What is the units digit of q?
5
Let v(j) = j - 2. Suppose -4*u + 5*z - 5 = -13, 4*u - 12 = 4*z. What is the units digit of v(u)?
5
Suppose t + 0*y - 13 = y, 0 = 3*y + 15. Let m = t + -6. Suppose 4*s = 4*a - 12, 3 - m = -a + 2*s. What is the units digit of a?
7
Let h(i) = 0*i + i + 2 - 1. Let x be h(2). What is the units digit of -2 + (-1)/(x/(-12))?
2
Suppose 0 = -4*a + a - 5*d + 6, 6 = 3*a - 5*d. Let g be 4/4 - (-45 - 2). Suppose 0 = j + m - a*m - 6, -4*j - 4*m = -g. What is the units digit of j?
9
Let d(c) = c**2 - 4*c + 6. Let g be d(4). Suppose -3*u + 5*k + 0 = 4, 3*u = 3*k + g. What is the units digit of u?
7
Let t(c) = 13*c**2 + c - 16. Let m(f) = 4*f**2 - 5. Let u(x) = 7*m(x) - 2*t(x). What is the units digit of u(4)?
1
Let d be (8/10)/((-2)/100). What is the units digit of -4 - (3/3 + d)?
5
Suppose 3*u = -5*f + 29, -2*f + 3 = f. Suppose -u*r = -3*r - 125. What is the units digit of r?
5
Let q(j) = -j**2 + 2*j + 7. Let p(v) = -1. Let h(i) = -1. Let d(y) = 3*h(y) - 4*p(y). Let g(k) = 5*d(k) - q(k). What is the units digit of g(4)?
6
Suppose 3*b - 27 = -0*b. Suppose 6 = 5*v - b. What is the units digit of v/(-2)*16/(-12)?
2
Let c be 15 + -1*(-3 - -4). Suppose 4*o = -4*b - 28, 2*b - 31 = -3*o + 6*o. Let r = c + o. What is the units digit of r?
5
Suppose -12*d - 484 = -23*d. What is the tens digit of d?
4
Let s(b) be the third derivative of b**6/120 - b**5/12 + b**4/12 - 7*b**3/6 + 2*b**2. What is the units digit of s(5)?
3
Suppose u = d + d - 41, u - 67 = -4*d. What is the units digit of d?
8
Let r be (0 - 6)*(-2)/6. Suppose -2*m - r = 3*u - 28, -4 = -u + 4*m. What is the units digit of u?
8
Let k(s) = s**2 - 8*s + 3. What is the units digit of k(8)?
3
Let q(d) = -d**3 - 3*d**2 + 4. Let y be q(-3). Suppose -4*o - 1 = y*w - 33, -4*w - 2*o = -24. Let u = 0 + w. What is the units digit of u?
4
Suppose 0*x = -5*x + 5*a + 345, 0 = -3*x - 4*a + 186. What is the units digit of x?
6
Let h = 1 - 1. Suppose h = -7*i + 2*i. Let x = i + 5. What is the units digit of x?
5
Let c(l) = -l**3 + 6*l**2 + l - 1. Let x be c(6). Suppose x*z = -5*t + 65, 2*z - 4*t + 22 = 3*z. What is the units digit of z?
0
Let d = 19 + -18. What is the units digit of (42 - (d + -4)) + 3?
8
Suppose 0 = -3*u - 163 + 1330. What is the tens digit of u?
8
Let q(c) = -c - 2. Let l be q(-6). Suppose 9*k = l*k. What is the units digit of 1 - k*(2 + -1)?
1
Suppose 0 = -2*i + 5*i - 18. What is the units digit of (0/1 - 0) + i?
6
Suppose 9*c - 383 - 139 = 0. What is the tens digit of c?
5
What is the units digit of (-100)/3*(0 + (-6)/5)?
0
Suppose 5*v - 1120 = -0*v. What is the units digit of v?
4
Let o(i) = -i**2 + 12*i + 7. What is the units digit of o(11)?
8
Suppose 5*r - 6*r - 12 = 0. Let h = 2 + r. What is the tens digit of (-2)/h + 252/15?
1
Let w = -40 - -88. What is the units digit of w?
8
Let h be (-8)/(-2*(-2)/(-8)). What is the tens digit of h + -2 - 0 - 1?
1
Let c = 6 - 5. Let k be 78/c - 6/(-2). Suppose 3*y - 9 = 2*b - 48, 4*b - 3*y - k = 0. What is the units digit of b?
1
Suppose 0 = 6*c - 3*c - 12. What is the units digit of c?
4
Let b = 23 - 3. Let n = b - 8. What is the units digit of n?
2
Let g = 0 - 2. What is the units digit of 7 + (-4 + g)/(-2)?
0
Let i(d) = d**3 + 7*d**2 - d - 3. Let c be i(-7). Let t(a) = -a**3 + 7*a**2 - 2*a - 5. Let z be t(c). Suppose z = 4*f - 1. What is the units digit of f?
9
Suppose -2*p = 3*p. Let j(r) = -r**3 + r + 20. What is the units digit of j(p)?
0
Let z(g) = -3 - 8 - 2*g + 2. Let l = -38 - -28. What is the tens digit of z(l)?
1
Let r = 17 - 10. Let j be (-2)/7 - (-4)/14. Suppose j = -2*k + r + 3. What is t